{"id":30,"date":"2014-02-14T05:57:56","date_gmt":"2014-02-14T04:57:56","guid":{"rendered":"https:\/\/bloc-note.ac-reunion.fr\/stdenis5-saint-bernard\/?page_id=30"},"modified":"2020-02-05T08:03:47","modified_gmt":"2020-02-05T07:03:47","slug":"lecole","status":"publish","type":"page","link":"https:\/\/bloc-note.ac-reunion.fr\/stdenis5-saint-bernard\/?page_id=30","title":{"rendered":"L&#8217;\u00e9cole"},"content":{"rendered":"<p style=\"text-align: center\">Chers Parents, chers \u00e9l\u00e8ves<\/p>\n<p>Nous vous souhaitons la bienvenue sur le site de l&#8217;\u00e9cole \u00e9l\u00e9mentaire de Saint Bernard. Vous pourrez y suivre les travaux des \u00e9l\u00e8ves, les projets en cours, les photos des classes de d\u00e9couverte&#8230;.<\/p>\n<ul>\n<li><strong><span style=\"text-decoration: underline\">Coordonn\u00e9es de l&#8217;\u00e9cole :<\/span><\/strong><\/li>\n<\/ul>\n<p>Ecole \u00e9l\u00e9mentaire de Saint Bernard<\/p>\n<p>chemin du p\u00e8re Raimbault<\/p>\n<p>97417 la Montagne<\/p>\n<ul>\n<li><span style=\"text-decoration: underline\"><strong>Nous contacter<\/strong><\/span><\/li>\n<\/ul>\n<p>contact mail : ce.9740133B@ac-reunion.fr<\/p>\n<p>Tel : 02 62 23 61 13<\/p>\n<p>Fax : 02 62 28 30 06<\/p>\n<p><span style=\"text-decoration: underline\"><strong>Directeur\u00a0<\/strong><\/span>: M. J.F Hoarau \u00a0<strong><span style=\"text-decoration: underline\">Secr\u00e9taire<\/span> <\/strong>: Mme S. Boyer<\/p>\n<ul>\n<li><strong><span style=\"text-decoration: underline\">Les horaires de l&#8217;\u00e9cole<\/span><\/strong><\/li>\n<\/ul>\n<p><strong><em>Lundi, Mardi, Jeudi et Vendredi :<\/em><\/strong><\/p>\n<p><span style=\"text-decoration: underline\">MATIN<\/span> :\u00a0ouverture \u00e0 7h50\u00a0\/ d\u00e9but des cours \u00e0 8h00 \/ r\u00e9cr\u00e9ation de 9h45 \u00e0 10h00 \/ fin des cours \u00e0 11h30.<\/p>\n<p><span style=\"text-decoration: underline\">APRES &#8211; MIDI<\/span> : ouverture \u00e0 13h05\/ d\u00e9but des cours \u00e0 13h15- r\u00e9cr\u00e9ation de 14h30 \u00e0 14h45 \/ fin des cours \u00e0 15h45<\/p>\n<p>Les <strong>APC<\/strong> (Activit\u00e9s p\u00e9dagogiques compl\u00e9mentaires), anciennement appel\u00e9es soutien, \u00a0ont lieu les jeudis de 15h45 \u00e0 16h45.<\/p>\n<p>Une garderie est assur\u00e9e par l&#8217; <strong>E.S.E<\/strong> de 7 h 00 \u00e0 7 h 50 et de 15 h\u00a045 \u00e0 17 h 30 tous les jours.<\/p>\n<ul>\n<li><a href=\"https:\/\/bloc-note.ac-reunion.fr\/stdenis5-saint-bernard\/files\/2014\/02\/reglement-interieur-de-lecole.pdf\">r\u00e8glement <\/a>\u00a0int\u00e9rieur de l&#8217;\u00e9cole adopt\u00e9 en conseil d&#8217;\u00e9cole<\/li>\n<\/ul>\n<ul>\n<li><strong><span style=\"text-decoration: underline\">Charte d&#8217;utilisation du blog :<\/span><\/strong><\/li>\n<\/ul>\n<div>Un blog permet aux \u00e9l\u00e8ves de r\u00e9aliser des travaux d&#8217;\u00e9criture, de valoriser ainsi leur travail \u00a0et offre\u00a0aux parents la possibilit\u00e9 \u00a0de suivre les activit\u00e9s propos\u00e9es dans les classes de leur enfant et celles des autres classes\u00a0de\u00a0l&#8217;\u00e9cole. Les articles sont \u00e9crits par les \u00e9l\u00e8ves et les enseignants.<\/div>\n<div>Chaque visiteur peut r\u00e9agir aux articles et \u00e9crire un commentaire.<\/div>\n<div>Toutefois, il y a des r\u00e8gles \u00e0 respecter pour permettre un bon fonctionnement de ce blog.<\/div>\n<div><\/div>\n<div><strong>&#8211; Aucun \u00e9crit ne doit contenir des moqueries, ni des insultes.<\/strong><\/div>\n<div>Tout \u00e9crit qui respecte cette r\u00e8gle sera publi\u00e9.<\/div>\n<div>Tout \u00e9crit ne respectant pas cette r\u00e8gle ne sera pas publi\u00e9.<\/div>\n<div><\/div>\n<div>&#8211; Les commentaires sont lus, corrig\u00e9s par \u00a0la r\u00e9dactrice (Mme T\u00e9cher N.) puis valid\u00e9s et publi\u00e9s.<\/div>\n<div><\/div>\n<div><strong><span style=\"text-decoration: underline\">Responsable du blog :<\/span><\/strong>\u00a0Mme T\u00e9cher N. (enseignante)<\/div>\n<div><\/div>\n<div><\/div>\n","protected":false},"excerpt":{"rendered":"<p>Chers Parents, chers \u00e9l\u00e8ves Nous vous souhaitons la bienvenue sur le site de l&#8217;\u00e9cole \u00e9l\u00e9mentaire de Saint Bernard. Vous pourrez y suivre les travaux des \u00e9l\u00e8ves, les projets en cours, les photos des classes de d\u00e9couverte&#8230;. Coordonn\u00e9es de l&#8217;\u00e9cole : &hellip; <a href=\"https:\/\/bloc-note.ac-reunion.fr\/stdenis5-saint-bernard\/?page_id=30\">Continuer la lecture <span class=\"meta-nav\">&rarr;<\/span><\/a><\/p>\n","protected":false},"author":485,"featured_media":0,"parent":0,"menu_order":0,"comment_status":"open","ping_status":"open","template":"","meta":{"footnotes":""},"class_list":["post-30","page","type-page","status-publish","hentry"],"_links":{"self":[{"href":"https:\/\/bloc-note.ac-reunion.fr\/stdenis5-saint-bernard\/index.php?rest_route=\/wp\/v2\/pages\/30","targetHints":{"allow":["GET"]}}],"collection":[{"href":"https:\/\/bloc-note.ac-reunion.fr\/stdenis5-saint-bernard\/index.php?rest_route=\/wp\/v2\/pages"}],"about":[{"href":"https:\/\/bloc-note.ac-reunion.fr\/stdenis5-saint-bernard\/index.php?rest_route=\/wp\/v2\/types\/page"}],"author":[{"embeddable":true,"href":"https:\/\/bloc-note.ac-reunion.fr\/stdenis5-saint-bernard\/index.php?rest_route=\/wp\/v2\/users\/485"}],"replies":[{"embeddable":true,"href":"https:\/\/bloc-note.ac-reunion.fr\/stdenis5-saint-bernard\/index.php?rest_route=%2Fwp%2Fv2%2Fcomments&post=30"}],"version-history":[{"count":24,"href":"https:\/\/bloc-note.ac-reunion.fr\/stdenis5-saint-bernard\/index.php?rest_route=\/wp\/v2\/pages\/30\/revisions"}],"predecessor-version":[{"id":2340,"href":"https:\/\/bloc-note.ac-reunion.fr\/stdenis5-saint-bernard\/index.php?rest_route=\/wp\/v2\/pages\/30\/revisions\/2340"}],"wp:attachment":[{"href":"https:\/\/bloc-note.ac-reunion.fr\/stdenis5-saint-bernard\/index.php?rest_route=%2Fwp%2Fv2%2Fmedia&parent=30"}],"curies":[{"name":"wp","href":"https:\/\/api.w.org\/{rel}","templated":true}]}}